ase 9) to base 14.
-389756
What is -232211333 (base 4) in base 11?
-120428
Convert -ab690 (base 13) to base 16.
-4be7c
What is -10417298 (base 10) in base 11?
-5975741
What is -3402010 (base 8) in base 3?
-1201122222212
5611456 (base 7) to base 9
1264304
-bd1127 (base 16) to base 6
-1121324155
20574404 (base 8) to base 9
8228664
1314220 (base 10) to base 3
2110202202211
What is 10000011011010011000 (base 2) in base 14?
100236
What is -1001010101101100001 (base 2) in base 8?
-1125541
Convert -320333 (base 5) to base 13.
-4b56
What is 1771a8 (base 15) in base 11?
7078a6
What is 54675 (base 14) in base 2?
110001111000101111
114082 (base 9) to base 16
10bf8
-a5b96 (base 12) to base 2
-110101001001100010
What is -534225 (base 6) in base 10?
-43721
Convert -77c1a (base 16) to base 2.
-1110111110000011010
What is 351352451 (base 6) in base 10?
6515599
Convert 121000222211 (base 3) to base 4.
1031010010
Convert -475aa4 (base 13) to base 6.
-100220404
What is 5cef1 (base 16) in base 6?
12054145
-112110110202000 (base 3) to base 7
-122220111
-188650 (base 11) to base 10
-289608
What is -45102 (base 7) in base 16?
-2c6a
What is 100121220010 (base 4) in base 12?
1534004
-47509 (base 12) to base 11
-65a53
What is 2286cb (base 13) in base 14?
1743bb
Convert -5b244 (base 12) to base 3.
-20020202121
What is -100033232 (base 4) in base 6?
-1232022
Convert 1114090 (base 12) to base 8.
14344154
What is 183729 (base 15) in base 4?
10133020302
-8e4c9 (base 15) to base 8
-1565333
-5323320 (base 7) to base 10
-644658
Convert 797dc2 (base 16) to base 5.
4014241200
Convert -61137 (base 9) to base 6.
-510054
-233dd (base 15) to base 16
-1b682
3145843 (base 9) to base 13
46c626
What is -1100221002 (base 5) in base 15?
-316a87
Convert -2aa736 (base 14) to base 3.
-2210122001212
What is 486474 (base 15) in base 13?
943780
What is -153760 (base 10) in base 3?
-21210220211
11111100110010100111 (base 2) to base 12
41b25b
14205402 (base 7) to base 3
2111112221220
What is 8a787 (base 11) in base 8?
400464
What is 1110001101111110000110 (base 2) in base 4?
32031332012
What is 1100111111101101001101 (base 2) in base 10?
3406669
Convert -10111101101011010110 (base 2) to base 4.
-2331223112
What is -300420422 (base 6) in base 4?
-103112130332
Convert -12cb9 (base 16) to base 10.
-76985
What is 21205444 (base 6) in base 4?
2120023210
-1013102 (base 7) to base 12
-5a122
-4523512 (base 6) to base 12
-b0598
What is 262056 (base 7) in base 6?
1013403
Convert -314242042 (base 5) to base 12.
-53892a
213775 (base 12) to base 9
878648
600531 (base 7) to base 6
2100033
-26d204 (base 14) to base 16
-147b04
5b600 (base 12) to base 14
33052
-c7272 (base 13) to base 4
-1113202032
-2003012 (base 4) to base 8
-20306
-75d06 (base 16) to base 3
-220111221211
127170 (base 8) to base 15
d379
-500402411 (base 6) to base 5
-4124223032
Convert -362088 (base 11) to base 7.
-4606522
Convert 20000021 (base 3) to base 11.
3323
Convert -4398c (base 13) to base 12.
-5aa60
What is 1210200 (base 6) in base 14?
19252
What is 6c5c3c (base 14) in base 12?
12a767a
Convert -5dbd (base 16) to base 11.
-17036
180563 (base 12) to base 11
264201
70d19 (base 16) to base 2
1110000110100011001
-4a238 (base 11) to base 3
-10122222111
Convert 206133 (base 7) to base 8.
105641
What is 111000000000111111000 (base 2) in base 6?
103201424
-101433312 (base 5) to base 9
-711548
-110100111011000011000 (base 2) to base 8
-6473030
What is 13143333 (base 5) in base 9?
218738
What is 1455346 (base 8) in base 10?
416486
What is -767c59 (base 16) in base 11?
-4424025
221055 (base 7) to base 10
38799
123043353 (base 6) to base 15
321bd9
Convert -2113311202 (base 4) to base 10.
-621922
202201200012020 (base 3) to base 12
3833050
Convert 450361 (base 7) to base 3.
11000221121
What is -394668 (base 13) in base 5?
-323141231
What is -1481d (base 15) in base 16?
-101a1
Convert 1d8c133 (base 14) to base 15.
1488730
What is -38937aa (base 11) in base 4?
-121231131230
-1223014302 (base 5) to base 7
-33656434
-3122601 (base 7) to base 8
-1335361
Convert 2bb570 (base 12) to base 5.
142324242
-131303320031 (base 4) to base 14
-1075ca9
-fa183 (base 16) to base 13
-29b360
Convert -10010110110000110110010 (base 2) to base 4.
-102312012302
34464 (base 14) to base 6
2420224
What is 22320113 (base 4) in base 12?
2195b
3852357 (base 9) to base 11
1205799
-1021230113 (base 5) to base 14
-3d7566
-2add4 (base 14) to base 4
-122013332
What is 20410414 (base 5) in base 3?
22121111012
What is -313141121 (base 5) in base 3?
-2110011220201
Convert 275901 (base 11) to base 6.
13133314
-c2ffa (base 16) to base 14
-16b110
Convert 11312310113 (base 4) to base 6.
52523355
2a51863 (base 12) to base 3
121010020121110
What is 1222133331 (base 4) in base 9?
734340
Convert -437883 (base 9) to base 8.
-777111
Convert -1418335 (base 12) to base 14.
-76797b
243305 (base 6) to base 8
51771
What is -10033110322 (base 4) in base 10?
-1111354
-25006 (base 8) to base 2
-10101000000110
What is -33aa0a (base 12) in base 14?
-177786
-4306 (base 11) to base 5
-140233
-100110111011101011010 (base 2) to base 8
-4673532
-16c239 (base 13) to base 11
-359895
What is -27751 (base 14) in base 3?
-11221201111
Convert d8b48 (base 14) to base 2.
1111111110100111100
Convert 348d5a (base 15) to base 9.
4645844
377961 (base 10) to base 16
5c469
-4396 (base 15) to base 10
-14316
Convert -684d (base 15) to base 16.
-566b
What is -54951 (base 11) in base 5?
-10022144
-106636 (base 11) to base 6
-3350042
Convert 11111111110110110 (base 2) to base 16.
1ffb6
Convert -239225 (base 10) to base 4.
-322121321
144535 (base 10) to base 9
240234
5737 (base 16) to base 7
122044
-97c43b (base 15) to base 10
-7230206
What is 21022220200022 (base 3) in base 2?
1110110111000011110101
-6bc76 (base 16) to base 15
-8ac0c
What is 1a3138 (base 11) in base 10?
311616
What is 14033332 (base 5) in base 13?
500c6
What is -156062140 (base 7) in base 14?
-15a03c7
127163 (base 9) to base 11
53185
What is -65286 (base 14) in base 7?
-2036326
369a8 (base 16) to base 6
4443240
Convert -6005087 (base 9) to base 8.
-14133062
-784bc6 (base 15) to base 8
-25704522
-1034321021 (base 5) to base 16
-227f19
Convert 101001010101101011 (base 2) to base 8.
512553
-23200010 (base 5) to base 10
-209380
-2004000214 (base 5) to base 10
-3968809
What is 1211021121022 (base 3) in base 15?
142625
-4970b (base 16) to base 9
-507564
Convert 22422554 (base 7) to base 13.
536042
-12422521 (base 6) to base 10
-407569
Convert 722c4 (base 16) to base 5.
104431102
89a26 (base 11) to base 3
20121210121
Convert 2062404 (base 8) to base 3.
1000221122212
What is 10120110 (base 5) in base 6?
1434030
Convert 101110100010001001 (base 2) to base 12.
92375
-6107bd (base 15) to base 2
-10001100101001001110100
Convert 11201102111222 (base 3) to base 11.
1463445
-244350 (base 6) to base 7
-120243
What is -1552520 (base 6) in base 11?
-63669
Convert 11111100101100011 (base 2) to base 10.
129379
What is 55a320 (base 11) in base 6?
31042203
1212001 (base 4) to base 14
2545
What is -12012111202111 (base 3) in base 16?
-2a3352
What is -344a90 (base 11) in base 7?
-4442455
101100010000101110 (base 2) to base 8
542056
1021201002201 (base 3) to base 9
1251081
Convert -13666992 (base 10) to base 2.
-110100001000101010110000
What is -1b5572 (base 13) in base 4?
-2222100223
Convert -69c3d (base 15) to base 13.
-ba451
-17335 (base 8) to base 7
-32015
What is -6143517 (base 8) in base 9?
-3044488
10002210112111 (base 3) to base 4
12102223231
What is -100110100111101100101 (base 2) in base 3?
-2101021221201
What is -734c3 (base 16) in base 14?
-c416b
1a43d (base 14) to base 15
14b65
Convert 101220102010 (base 3) to base 4.
310121202
What is -679047 (base 13) in base 12?
-9a0479
1010100022101 (base 3) to base 14
117949
Convert -23325241 (base 6) to base 8.
-2613631
What is -304440444 (base 5) in base 2?
-100110001000011011011
Convert 64807 (base 9) to base 4.
22132321
-241143110 (base 5) to base 2
-100010000010100001101
What is 205311 (base 6) in base 16?
416b
-82553 (base 9) to base 4
-31101333
What is -547520 (base 13) in base 16?
-1e518f
-16464445 (base 8) to base 13
-a404bc
-a085b5 (base 12) to base 7
-30163244
Convert 1103204144 (base 5) to base 15.
325534
Convert -200036 